{"id":477,"date":"2022-06-17T14:39:41","date_gmt":"2022-06-17T12:39:41","guid":{"rendered":"https:\/\/rythmologie.fr\/?page_id=477"},"modified":"2023-01-05T10:16:46","modified_gmt":"2023-01-05T09:16:46","slug":"precis-de-rythmologie","status":"publish","type":"page","link":"https:\/\/rythmologie.fr\/index\/precis-de-rythmologie\/","title":{"rendered":"Pr\u00e9cis de Rythmologie"},"content":{"rendered":"<p>[vc_row][vc_column][vc_empty_space height=&#8221;60&#8243;][vc_column_text]<\/p>\n<h2>Pr\u00e9cis de rythmologie<\/h2>\n<p>[\/vc_column_text][vc_separator color=&#8221;custom&#8221; border_width=&#8221;2&#8243; accent_color=&#8221;#e4201c&#8221;][\/vc_column][\/vc_row][vc_row][vc_column width=&#8221;1\/4&#8243;][vc_single_image image=&#8221;427&#8243; img_size=&#8221;medium&#8221; alignment=&#8221;center&#8221;][\/vc_column][vc_column width=&#8221;1\/2&#8243;]<div id=\"ultimate-heading-513369f54f9df1114\" class=\"uvc-heading ult-adjust-bottom-margin ultimate-heading-513369f54f9df1114 uvc-7430  uvc-heading-default-font-sizes\" data-hspacer=\"no_spacer\"  data-halign=\"left\" style=\"text-align:left\"><div class=\"uvc-heading-spacer no_spacer\" style=\"top\"><\/div><div class=\"uvc-main-heading ult-responsive\"  data-ultimate-target='.uvc-heading.ultimate-heading-513369f54f9df1114 h2'  data-responsive-json-new='{\"font-size\":\"\",\"line-height\":\"\"}' ><h2 style=\"--font-weight:theme;color:#000000;\">Sous la supervision de Fr\u00e9d\u00e9ric SACHER &amp; Philippe MAURY<\/h2><\/div><div class=\"uvc-sub-heading ult-responsive\"  data-ultimate-target='.uvc-heading.ultimate-heading-513369f54f9df1114 .uvc-sub-heading '  data-responsive-json-new='{\"font-size\":\"\",\"line-height\":\"\"}'  style=\"font-weight:normal;color:#000000;\"><\/p>\n<p><strong>Prix :<\/strong>\u00a0 180 \u20ac<\/p>\n<p><strong>ISBN :<\/strong> 978-2-3692003-7-6<\/div><\/div>[vc_empty_space height=&#8221;20 px&#8221;]<style type=\"text\/css\" data-type=\"the7_shortcodes-inline-css\">#default-btn-a6abf2c8084ec81857038a5cdc9d7757.ico-right-side > i {\n  margin-right: 0px;\n  margin-left: 8px;\n}\n#default-btn-a6abf2c8084ec81857038a5cdc9d7757 > i {\n  margin-right: 8px;\n}\n<\/style><a href=\"https:\/\/overcome.key4events.com\/register.aspx?e=326\" class=\"default-btn-shortcode dt-btn dt-btn-l link-hover-off btn-inline-left \" id=\"default-btn-a6abf2c8084ec81857038a5cdc9d7757\"><span>Commander un exemplaire<\/span><\/a>[\/vc_column][vc_column width=&#8221;1\/4&#8243;][\/vc_column][\/vc_row][vc_row][vc_column][vc_empty_space height=&#8221;20 px&#8221;][vc_column_text]<\/p>\n<p style=\"text-align: justify;\">La derni\u00e8re \u00e9dition du pr\u00e9cis de rythmologie remontait \u00e0 17 ans. Compte-tenu des progr\u00e8s majeurs r\u00e9alis\u00e9s depuis et de l\u2019\u00e9volution de la formation de nos internes avec la possibilit\u00e9 de sp\u00e9cialisation en rythmologie pendant leur cursus, il nous est apparu indispensable de remettre la toile sur le m\u00e9tier et de faire un ouvrage couvrant les diff\u00e9rents aspects de notre sp\u00e9cialit\u00e9.<\/p>\n<p style=\"text-align: justify;\">Cet ouvrage en langue fran\u00e7aise issu du groupe de rythmologie de la soci\u00e9t\u00e9 fran\u00e7aise de cardiologie se veut un ouvrage pratique \u00e0 destination de tous les cardiologues qu\u2019ils soient en formation ou d\u00e9j\u00e0 en exercice. Il a b\u00e9n\u00e9fici\u00e9 de la contribution de la communaut\u00e9 rythmologique francophone de France, de Monaco, de Suisse, de Belgique et du Canada. Il reprend les bases anatomiques et fonctionnelles \u00e0 l\u2019origine des arythmies et troubles conductifs. Il fait le point sur les outils utilis\u00e9s en rythmologie, sur l\u2019ablation des arythmies, sur les maladies rythmiques h\u00e9r\u00e9ditaires et\/ou \u00e0 risque<br \/>\nrythmique. Il y a \u00e9galement tout un chapitre d\u00e9di\u00e9 aux troubles du rythme en p\u00e9diatrie et chez les patients avec cardiopathie cong\u00e9nitale, enfin sont abord\u00e9s les probl\u00e8mes rythmologiques pendant la grossesse, concernant l\u2019autorisation de conduite ou<br \/>\nla pratique du sport.<\/p>\n<p style=\"text-align: justify;\">Il fera partie d\u2019une trilogie avec un ouvrage sur les syncopes d\u00e9j\u00e0 publi\u00e9 et un sur les dispositifs implantables \u00e0 venir.<\/p>\n<p style=\"text-align: justify;\">Nous esp\u00e9rons que vous aurez autant de plaisir \u00e0 le lire que nous en avons eu \u00e0 le faire et qu\u2019il r\u00e9pondra \u00e0 vos attentes tant pour la formation ou les mises au point que pour les connaissances rythmologiques plus pointues.<\/p>\n<p>[\/vc_column_text][\/vc_column][\/vc_row][vc_row][vc_column][vc_empty_space][vc_separator color=&#8221;custom&#8221; border_width=&#8221;2&#8243; accent_color=&#8221;rgba(0,0,0,0.1)&#8221;][\/vc_column][\/vc_row][vc_row][vc_column width=&#8221;1\/2&#8243;][vc_empty_space][vc_column_text]<\/p>\n<h2 style=\"text-align: center;\">Sommaire<\/h2>\n<p>[\/vc_column_text][vc_row_inner gap=&#8221;15&#8243;][vc_column_inner width=&#8221;1\/2&#8243; css=&#8221;.vc_custom_1663839535956{margin-top: -10px !important;}&#8221;][vc_column_text]<\/p>\n<p style=\"text-align: right;\"><strong>CHAPITRE 1 &#8211;<\/strong> Anatomie, \u00e9lectrophysiologie et m\u00e9dicaments en rythmologie<\/p>\n<p style=\"text-align: right;\"><strong>CHAPITRE 2<\/strong> &#8211; Outils et m\u00e9thodes diagnostiques en rythmologie<\/p>\n<p style=\"text-align: right;\"><strong>CHAPITRE 3 &#8211;<\/strong> Troubles du rythme et ablation<\/p>\n<p style=\"text-align: right;\"><strong>CHAPITRE 4 &#8211;<\/strong> Syncope et troubles de la conduction<\/p>\n<p style=\"text-align: right;\"><strong>CHAPITRE 5 &#8211;<\/strong> Maladies rythmiques h\u00e9r\u00e9ditaires<\/p>\n<p style=\"text-align: right;\"><strong>CHAPITRE 6 &#8211;<\/strong> Troubles du rythme en p\u00e9diatrie et chez les patients avec cardiopathie cong\u00e9nitale<\/p>\n<p style=\"text-align: right;\"><strong>CHAPITRE 7 &#8211;<\/strong> divers<\/p>\n<p>[\/vc_column_text][\/vc_column_inner][vc_column_inner width=&#8221;1\/2&#8243; css=&#8221;.vc_custom_1663839540901{margin-top: -10px !important;}&#8221;][vc_empty_space height=&#8221;80px&#8221;][vc_single_image image=&#8221;497&#8243; img_size=&#8221;medium&#8221; alignment=&#8221;right&#8221; onclick=&#8221;custom_link&#8221; img_link_target=&#8221;_blank&#8221; link=&#8221;https:\/\/rythmologie.fr\/wp-content\/uploads\/2022\/06\/SOMMAIRE-PRECIS-DE-RYTHMO.pdf&#8221;][\/vc_column_inner][\/vc_row_inner][\/vc_column][vc_column width=&#8221;1\/2&#8243;][vc_empty_space height=&#8221;100px&#8221;][vc_video link=&#8221;https:\/\/youtu.be\/maTnKJ8SJlg&#8221; el_aspect=&#8221;43&#8243; css=&#8221;.vc_custom_1667902989114{border-radius: 2px !important;}&#8221;][\/vc_column][\/vc_row][vc_row][vc_column][vc_empty_space][vc_separator color=&#8221;custom&#8221; border_width=&#8221;2&#8243; accent_color=&#8221;rgba(0,0,0,0.1)&#8221;][\/vc_column][\/vc_row][vc_row][\/vc_row][vc_column][\/vc_column][vc_row_inner][\/vc_row_inner][vc_column_inner css=&#8221;.vc_custom_1663839553687{margin-top: -10px !important;}&#8221;][vc_column_text]<div class=\"_3d-flip-book  fb3d-fullscreen-mode full-size\" data-id=\"1942\" data-mode=\"fullscreen\" data-title=\"false\" data-template=\"short-white-book-view\" data-lightbox=\"dark-shadow\" data-urlparam=\"fb3d-page\" data-page-n=\"0\" data-pdf=\"\" data-tax=\"null\" data-thumbnail=\"\" data-cols=\"3\" data-book-template=\"default\" data-trigger=\"\"><\/div><script type=\"text\/javascript\">window.FB3D_CLIENT_DATA = window.FB3D_CLIENT_DATA || [];FB3D_CLIENT_DATA.push('eyJwb3N0cyI6eyIxOTQyIjp7IklEIjoxOTQyLCJ0aXRsZSI6Ik1pY2hlbC1DaGF1dmluIiwidHlwZSI6InBkZiIsInJlYWR5X2Z1bmN0aW9uIjoiIiwiYm9va19zdHlsZSI6ImZsYXQiLCJib29rX3RlbXBsYXRlIjoibm9uZSIsIm91dGxpbmUiOltdLCJkYXRhIjp7InBvc3RfSUQiOiIxOTQxIiwiZ3VpZCI6Imh0dHBzOlwvXC9yeXRobW9sb2dpZS5mclwvd3AtY29udGVudFwvdXBsb2Fkc1wvMjAyMlwvMDlcL0NIQVBJVFJFLTFfMS1NaWNoZWwtQ2hhdXZpbl9jb21wcmVzc2VkLnBkZiIsInBkZl9wYWdlcyI6IjE0IiwicGFnZXNfY3VzdG9taXphdGlvbiI6Im5vbmUifSwidGh1bWJuYWlsIjp7ImRhdGEiOnsicG9zdF9JRCI6IjAifSwidHlwZSI6ImF1dG8ifSwicHJvcHMiOnsiY2FjaGVkUGFnZXMiOiJhdXRvIiwicmVuZGVySW5hY3RpdmVQYWdlcyI6ImF1dG8iLCJyZW5kZXJJbmFjdGl2ZVBhZ2VzT25Nb2JpbGUiOiJhdXRvIiwicmVuZGVyV2hpbGVGbGlwcGluZyI6ImF1dG8iLCJwcmVsb2FkUGFnZXMiOiJhdXRvIiwicnRsIjoiYXV0byIsImludGVyYWN0aXZlQ29ybmVycyI6ImF1dG8iLCJzaGVldCI6eyJzdGFydFZlbG9jaXR5IjoiYXV0byIsIndhdmUiOiJhdXRvIiwic2hhcGUiOiJhdXRvIiwid2lkdGhUZXhlbHMiOiJhdXRvIiwiY29sb3IiOiJhdXRvIiwic2lkZSI6ImF1dG8iLCJjb3JuZXJEZXZpYXRpb24iOiJhdXRvIiwiZmxleGliaWxpdHkiOiJhdXRvIiwiZmxleGlibGVDb3JuZXIiOiJhdXRvIiwiYmVuZGluZyI6ImF1dG8iLCJoZWlnaHRUZXhlbHMiOiJhdXRvIn0sImNvdmVyIjp7IndhdmUiOiJhdXRvIiwiY29sb3IiOiJhdXRvIiwiYmluZGVyVGV4dHVyZSI6ImF1dG8iLCJkZXB0aCI6ImF1dG8iLCJwYWRkaW5nIjoiYXV0byIsInN0YXJ0VmVsb2NpdHkiOiJhdXRvIiwiZmxleGliaWxpdHkiOiJhdXRvIiwiZmxleGlibGVDb3JuZXIiOiJhdXRvIiwiYmVuZGluZyI6ImF1dG8iLCJ3aWR0aFRleGVscyI6ImF1dG8iLCJoZWlnaHRUZXhlbHMiOiJhdXRvIiwibWFzcyI6ImF1dG8iLCJzaWRlIjoiYXV0byIsInNoYXBlIjoiYXV0byJ9LCJwYWdlIjp7IndhdmUiOiJhdXRvIiwiY29sb3IiOiJhdXRvIiwiZGVwdGgiOiJhdXRvIiwic3RhcnRWZWxvY2l0eSI6ImF1dG8iLCJmbGV4aWJpbGl0eSI6ImF1dG8iLCJmbGV4aWJsZUNvcm5lciI6ImF1dG8iLCJiZW5kaW5nIjoiYXV0byIsIndpZHRoVGV4ZWxzIjoiYXV0byIsImhlaWdodFRleGVscyI6ImF1dG8iLCJtYXNzIjoiYXV0byIsInNpZGUiOiJhdXRvIiwic2hhcGUiOiJhdXRvIn0sImhlaWdodCI6ImF1dG8iLCJ3aWR0aCI6ImF1dG8iLCJncmF2aXR5IjoiYXV0byIsInBhZ2VzRm9yUHJlZGljdGluZyI6ImF1dG8ifSwiY29udHJvbFByb3BzIjp7ImFjdGlvbnMiOnsiY21kU2F2ZSI6eyJlbmFibGVkIjoiYXV0byIsImVuYWJsZWRJbk5hcnJvdyI6ImF1dG8ifSwiY21kUHJpbnQiOnsiZW5hYmxlZCI6ImF1dG8iLCJlbmFibGVkSW5OYXJyb3ciOiJhdXRvIn0sImNtZFNpbmdsZVBhZ2UiOnsiZW5hYmxlZCI6ImF1dG8iLCJlbmFibGVkSW5OYXJyb3ciOiJhdXRvIiwiYWN0aXZlIjoiYXV0byIsImFjdGl2ZUZvck1vYmlsZSI6ImF1dG8ifX19LCJhdXRvVGh1bWJuYWlsIjoiaHR0cHM6XC9cL3J5dGhtb2xvZ2llLmZyXC9pbmRleFwvd3AtY29udGVudFwvdXBsb2Fkc1wvM2QtZmxpcC1ib29rXC9hdXRvLXRodW1ibmFpbHNcLzE5NDIucG5nIiwicG9zdF9uYW1lIjoiMTk0MiIsInBvc3RfdHlwZSI6IjNkLWZsaXAtYm9vayJ9fSwicGFnZXMiOltdLCJmaXJzdFBhZ2VzIjpbXX0=');window.FB3D_CLIENT_LOCALE && FB3D_CLIENT_LOCALE.render && FB3D_CLIENT_LOCALE.render();<\/script>[\/vc_column_text][\/vc_column_inner]<\/p>\n","protected":false},"excerpt":{"rendered":"<p>[vc_row][vc_column][vc_empty_space height=&#8221;60&#8243;][vc_column_text] Pr\u00e9cis de rythmologie [\/vc_column_text][vc_separator color=&#8221;custom&#8221; border_width=&#8221;2&#8243; accent_color=&#8221;#e4201c&#8221;][\/vc_column][\/vc_row][vc_row][vc_column width=&#8221;1\/4&#8243;][vc_single_image image=&#8221;427&#8243; img_size=&#8221;medium&#8221; alignment=&#8221;center&#8221;][\/vc_column][vc_column width=&#8221;1\/2&#8243;][vc_empty_space height=&#8221;20 px&#8221;][\/vc_column][vc_column width=&#8221;1\/4&#8243;][\/vc_column][\/vc_row][vc_row][vc_column][vc_empty_space height=&#8221;20 px&#8221;][vc_column_text] La derni\u00e8re \u00e9dition du pr\u00e9cis de rythmologie remontait \u00e0 17 ans. Compte-tenu des progr\u00e8s majeurs r\u00e9alis\u00e9s depuis et de l\u2019\u00e9volution de la formation de nos internes avec la possibilit\u00e9 de sp\u00e9cialisation en rythmologie pendant leur cursus,&hellip;<\/p>\n","protected":false},"author":2,"featured_media":0,"parent":0,"menu_order":0,"comment_status":"closed","ping_status":"closed","template":"","meta":{"inline_featured_image":false,"footnotes":"","_links_to":"","_links_to_target":""},"class_list":["post-477","page","type-page","status-publish","hentry","description-off"],"_links":{"self":[{"href":"https:\/\/rythmologie.fr\/index\/wp-json\/wp\/v2\/pages\/477","targetHints":{"allow":["GET"]}}],"collection":[{"href":"https:\/\/rythmologie.fr\/index\/wp-json\/wp\/v2\/pages"}],"about":[{"href":"https:\/\/rythmologie.fr\/index\/wp-json\/wp\/v2\/types\/page"}],"author":[{"embeddable":true,"href":"https:\/\/rythmologie.fr\/index\/wp-json\/wp\/v2\/users\/2"}],"replies":[{"embeddable":true,"href":"https:\/\/rythmologie.fr\/index\/wp-json\/wp\/v2\/comments?post=477"}],"version-history":[{"count":25,"href":"https:\/\/rythmologie.fr\/index\/wp-json\/wp\/v2\/pages\/477\/revisions"}],"predecessor-version":[{"id":2954,"href":"https:\/\/rythmologie.fr\/index\/wp-json\/wp\/v2\/pages\/477\/revisions\/2954"}],"wp:attachment":[{"href":"https:\/\/rythmologie.fr\/index\/wp-json\/wp\/v2\/media?parent=477"}],"curies":[{"name":"wp","href":"https:\/\/api.w.org\/{rel}","templated":true}]}}